+ -15. Let k = -1723 - -1763. What is the highest common divisor of v and k?
20
Suppose 3*x - 1778 = l, -10*x - 3*l - 494 = -6389. What is the greatest common divisor of x and 4334?
197
Suppose 181 = -5*v + 61. Let s(i) = i + 184. Let x be s(v). Calculate the greatest common factor of x and 256.
32
Suppose -36 + 22916 = 260*v. Calculate the greatest common factor of 1309 and v.
11
Let v be (0 + 0)*3/12*-2. Suppose v = 14*j - 10*j. Suppose -5*w + j*n + 155 = 3*n, -5*n - 195 = -5*w. Calculate the highest common divisor of 170 and w.
34
Let f(l) = -2*l**3 - 4*l**2 - 2*l - 1. Let a be f(-3). Suppose -88*v + 93150 = -43*v. Suppose 0*s - 18*s = -v. What is the highest common divisor of a and s?
23
Suppose 114*h - 111*h - 747 = -4*j, -5*h + 1259 = 2*j. What is the highest common factor of 66 and h?
11
Let b(a) = a**2 + 244*a - 3029. Let v be b(12). What is the greatest common factor of v and 4601?
43
Suppose 0 = -164*k + 153*k + 4224. Let v = -276 + k. Suppose -6 - 18 = -2*j. Calculate the highest common factor of j and v.
12
Let q be (28/(-21))/((-1)/3). Suppose -6*g + g + 4 = -2*m, 3*g - 8 = 4*m. Suppose g = 3*x - 3. Calculate the greatest common factor of q and x.
1
Suppose -7*x + 33*x + 3302 = 0. Let p = -17 - x. What is the highest common factor of 44 and p?
22
Suppose 19*r + 672 = 5*r. Let i = -39 - r. What is the greatest common divisor of i and 189?
9
Let b = -239 + 399. Let t be 6/(-33) + (-3180)/(-66). Calculate the highest common factor of t and b.
16
Let s(i) = 206*i**2 + 26*i - 25. Let h be s(1). Calculate the greatest common factor of h and 989.
23
Suppose -5*o - 20 = 0, -2*o = -2*s - 6*o - 18. Let t(q) = -31*q**3 - q**2. Let j be t(s). Let f = -26 + j. What is the greatest common factor of f and 10?
2
Suppose -397*f = -394*f - 67830. What is the highest common divisor of f and 19?
19
Let u = -2297 - -2423. What is the highest common factor of u and 54?
18
Let v be 155/6 - (-1)/6. Suppose 10 = 3*a - v. Let o be ((-24)/30*55/(-77))/(3/126). What is the greatest common factor of a and o?
12
Let n(x) = 27*x**2 + 3*x - 10. Let o be n(-3). Calculate the greatest common divisor of o and 96.
32
Let c = -32444 - -62215. Calculate the highest common factor of c and 7.
7
Let n(m) = -2 + 1 - 1 - 2*m + 1. Let x = -823 - -803. Let h be n(x). Calculate the greatest common divisor of 26 and h.
13
Suppose 4*n - 3*q - 87 = 0, 7*q - 3*q - 16 = -2*n. Suppose n*h - 5492 = 988. Calculate the greatest common factor of 40 and h.
40
Suppose -605 = 48*n - 53*n. Let b(a) = -a**3 + 3*a**2 + 21*a - 7. Let m be b(6). Calculate the highest common divisor of n and m.
11
Let y = -3759 + 3885. Suppose -5*l + i + 36 = 0, -3*l - i - 4 = -4*l. Suppose o = 6 + l. What is the greatest common divisor of o and y?
14
Suppose 19*d - 2080 = 903. Calculate the highest common factor of 3768 and d.
157
Let d(w) = -26*w**3 + 6*w + 8. Let m be d(-4). Suppose 3*k - 2*l - m = 3*l, -4*k + 5*l = -2199. What is the highest common divisor of k and 38?
19
Let x = -7 - -37. Let u = -8 + x. Suppose 21*j - 33*j + 264 = 0. Calculate the highest common divisor of j and u.
22
Suppose g = 3*p + 726, 5*p - 595 = 2*g - 2055. Calculate the highest common factor of 18 and g.
6
Suppose 6 = -2*b + 16. Suppose 5*d - d - 16 = 0. Suppose 10 = -d*c + b*c. What is the greatest common divisor of c and 70?
10
Suppose 115*r = 11855 + 5130 - 1690. Suppose 2*t - 6*t = -3*i + 191, i + t - 52 = 0. Calculate the highest common divisor of i and r.
19
Let j = 63 + -63. Let o = 12 - 10. Suppose -4 = -o*q, j*u + 2*q = -2*u + 30. Calculate the highest common factor of 26 and u.
13
Suppose -u + 9396 = 3*h - 5*u, h - 3*u = 3127. Calculate the greatest common divisor of 49 and h.
49
Suppose -318*a + 722655 = 187*a. What is the greatest common factor of 2703 and a?
159
Let a(o) = -49*o - 1036. Let k be a(-22). Let g = -419 + 587. Suppose 4*m + g = 7*m. Calculate the highest common divisor of k and m.
14
Suppose 0 = 32*q + 11517 - 53853. Calculate the highest common factor of 245 and q.
49
Let g be (3*-7)/((-21)/14). Let y be (-16)/56 + 4288/g. Suppose f + 8*f = y. Calculate the greatest common divisor of f and 238.
34
Let w(r) be the first derivative of -15*r**2/2 - 6*r - 10. Let q be w(4). Let x be -4*(-2)/44 - 1704/q. Calculate the highest common divisor of x and 39.
13
Let c be (-43)/((-11137)/(-111)) - (-1 + (-7556)/7). What is the greatest common divisor of c and 2280?
120
Let m(k) = -473*k**3 + 7*k - 17*k**2 + 474*k**3 - 5*k + 14*k + 12. Let b be m(16). Calculate the highest common divisor of b and 9.
3
Let r be 8340*((-304)/32 - -10). Calculate the greatest common divisor of r and 30.
30
Let m(t) = t**3 + 5*t**2 + 8*t + 16. Let l be m(-4). Suppose 3*d - 3*j - 24 = 0, 2*d - 4*j + 9*j - 16 = l. What is the highest common divisor of 8 and d?
8
Let o be (14 - 5575/(-10)) + (-3)/2. What is the greatest common factor of o and 210?
30
Let a(j) = 58*j - 21. Let q be a(3). Suppose 0 = -16*d + 68 + 76. What is the greatest common divisor of q and d?
9
Suppose 2*i - 104 = 136*n - 140*n, 4*i - 280 = 4*n. What is the highest common factor of 1184 and i?
32
Let l be 137*5/35 - 16/28. Calculate the greatest common divisor of l and 1463.
19
Suppose b - 57 = 5*h, -4*b + 251 - 23 = -4*h. Calculate the greatest common divisor of b and 4.
1
Let y be (-69)/6*(-7)/7 + (-1)/(-2). Suppose 5*b - 144 = 336. What is the highest common factor of b and y?
12
Suppose -5*j + 3334 = 914. Suppose 5*w = -4*t + 700, 5*t - j - 391 = 2*w. Calculate the greatest common factor of 7 and t.
7
Let q(h) = 2*h**3 - 35*h**2 + 150*h - 22. Let b be q(11). Calculate the highest common divisor of b and 1529.
11
Suppose -202*r + 123386 = -17*r - 4819. Calculate the greatest common divisor of r and 35.
7
Suppose 5*b - 15 = 160. Suppose b - 2 = 11*s. Suppose 5*n - 8 = -s*j, -5*n + j + 2 = -2*n. What is the highest common divisor of 1 and n?
1
Let l = 6772 + -6768. Let h(y) = 17*y - 1. Let b be h(5). Calculate the greatest common divisor of l and b.
4
Suppose -2*d + 2*j = -194, 3*d + 41*j - 37*j = 242. Calculate the greatest common factor of 1690 and d.
10
Suppose 10*v + 105 = -65. Let w be (v/7)/((9/21)/(-3)). Let z = 110 + -76. Calculate the greatest common factor of z and w.
17
Let o = -12515 + 12623. What is the highest common divisor of o and 13212?
36
Suppose 22505 + 2881 + 1344 = 165*z. Calculate the greatest common divisor of z and 4320.
54
Let h(c) = c**3 - 4*c**2 + 2*c + 7. Let s be h(3). Suppose -s*z + 98 = 10. Calculate the highest common factor of z and 1034.
22
Let o = -42 - -319. Let k = o - 178. Calculate the highest common factor of 36 and k.
9
Suppose -n = -f + 376, -2*n + 1510 = 4*f - 0*f. Suppose -2*h + 5*h - 79 = 2*i, 71 = 3*h - 4*i. What is the greatest common divisor of h and f?
29
Let d(z) = -z**3 - 11*z**2 - 21*z + 15. Let h be d(-8). Let o be (h - -13) + (671 - -1). Calculate the highest common divisor of 52 and o.
52
Let w = 285 + -291. Let g be (w - -34)*178/8. Calculate the highest common divisor of g and 7.
7
Let o be 17/2*(9 + -7). Suppose 3*b - 25 = -4*f, 2*f - 4*b + 10 = 5*f. Let p be (o + -2)/(15/f). What is the greatest common divisor of p and 20?
10
Let u(m) = m**3 - 16*m**2 - 2*m + 34. Let l be u(16). Let v be (10/(-15))/l - (-100)/3. Let y = v - 28. Calculate the highest common factor of y and 15.
5
Suppose -5*m + 43*n - 46*n = -34951, n + 34923 = 5*m. What is the highest common factor of 7 and m?
7
Let n be (9 + 10/(-1))*141. Let s = 69 - n. Calculate the greatest common factor of 294 and s.
42
Let h(a) = 18*a + 373. Let q be h(-11). Calculate the greatest common divisor of 567 and q.
7
Suppose -5*z - 16 + 116 = 0. Let w(y) = -y**2 + 7*y + 6. Let c be w(6). What is the greatest common factor of z and c?
4
Suppose -3*g - 858 = -2*m - 17, -5*g + 817 = 2*m. Let h be m/12 - 1/(-3). Let l be ((-72)/(-15) - 4)*h. Calculate the greatest common divisor of 84 and l.
28
Let r(m) = -114*m - 70. Let t be r(-7). What is the highest common factor of 91 and t?
91
Let l(m) = 4*m - m - 2*m + 3. Let d be l(6). Let g be 1100/24 + 50 + (-16470)/324. Calculate the highest common divisor of d and g.
9
Let g = -1 - -28. Suppose 33 = g*t - 24*t. Suppose t*i - 264 = 3*i. Calculate the greatest common divisor of 22 and i.
11
Let w be 5*(-6)/45*(0 + -3)